-2
Let t(x) = x + 1. Suppose -j - 1 = 5. Determine t(j).
-5
Suppose 0*b + 5*b - 33 = -3*a, -3*a + 3 = -5*b. Let w(m) = m**3 - 13*m**2 - m - 1. Let d(h) = h**3 - 12*h**2 - h. Let s(z) = -7*d(z) + 6*w(z). What is s(a)?
0
Let x(t) be the second derivative of -1/6*t**3 + t - t**2 + 1/12*t**4 + 0. Suppose 2*s + 3*d = -10, -2*s + 5*s + 2*d + 10 = 0. Calculate x(s).
4
Suppose f + 2*f = 3. Let p(z) be the first derivative of -z**7/280 + z**4/24 + z**3/3 - 2. Let x(b) be the third derivative of p(b). Calculate x(f).
-2
Let p(q) = q**2 + 5*q - 6. Suppose 0 = -2*l - 0*l + 4. Let z(y) = -8*y**2 + 7*y + y**3 + l*y**2 - 3*y**2 - 1 + 3. Let n be z(8). Calculate p(n).
0
Let z(g) = 2*g**3 - 11*g**2 - 5*g - 2. Let x be (-6)/9 - (-28)/6. Let v(y) = 3*y**3 - 12*y**2 - 4*y - 1. Let q(m) = x*z(m) - 3*v(m). What is q(-7)?
2
Let g be (-12)/(-18) + (-20)/(-6). Let n(d) = 4 + 0 + d + 0*d**2 - d**2. Give n(g).
-8
Suppose 0 = 2*w + 2*w - 24. Let n(a) = -a + 0*a + 0*a**2 - 2 - w - a**2. What is n(0)?
-8
Let d(f) = -f**2 + 2*f + 2. Suppose 3*k - 2 = k - 3*n, 5*k - 3*n + 16 = 0. Give d(k).
-6
Let s = -12 - -7. Let m(g) = g + 5. Calculate m(s).
0
Let z(d) = d**3 + 4*d**2 - 3*d - 3. Let k(x) = -9*x + 5*x + 1 - 4*x**3 + 5*x**2 + 3*x**3. Let v be k(4). Let q be -3 + 3 + -4*v. Determine z(q).
9
Let o(q) be the third derivative of q**4/24 - 7*q**3/6 + 25*q**2. Calculate o(5).
-2
Let v be 2 + ((-12)/(-3) - 4). Let k(l) = -l**3 + 4*l**2 - 2*l - 1. What is k(v)?
3
Suppose 0 = -2*r - 3*r. Let u be r/(-1) - (-12)/(-6). Let o(c) be the first derivative of -c**3/3 - 3*c**2/2 - 2*c - 1. Determine o(u).
0
Suppose i - 6*i - 5 = 0. Let l be i + 2 + 0 + -1. Let o(d) = d**3 - d**2 - d + 2. What is o(l)?
2
Let z(d) = d**2 - 4*d - 2. Let g(r) be the second derivative of 0*r**3 + 0 + 4*r + 2*r**2 + 1/20*r**5 + 1/12*r**4. Let m be g(0). Calculate z(m).
-2
Suppose -2*u - 5 = -i, i = -2*u - 0*i + 5. Suppose 6*t - 2*t + 16 = u. Let f(j) = -j**2 - 2*j + 4. What is f(t)?
-4
Let t(z) = -z**3 - 5*z**2 + 10*z + 16. Let p(u) = -2*u**3 - 9*u**2 + 20*u + 33. Let g(w) = 3*p(w) - 7*t(w). Give g(-9).
-4
Let n(d) be the third derivative of -d**7/1260 + d**5/120 + d**4/8 + 4*d**2. Let w(j) be the second derivative of n(j). Let g be 0 + 1/(2/4). Determine w(g).
-7
Let m = 10 + -14. Let l(k) = -2*k**2 - 7*k - 6. Calculate l(m).
-10
Let t(l) = -l**2 - l - 1. Suppose 0 = 5*g - 20, -5*d = -2*g + 5*g - 2. What is t(d)?
-3
Let j(d) = d**2 + 7*d - 1. Suppose 2*w - 5*w - 21 = 0. What is j(w)?
-1
Let s(t) = 5*t + 5. Let p = -17 - -13. Let a(x) = 14*x + 14. Let b(n) = p*a(n) + 11*s(n). Give b(-5).
4
Suppose 5*n - 3*n = -12. Let y(z) = z**3 + 5*z**2 - 8*z - 4. Give y(n).
8
Let q(d) = -24*d + 57. Let c(w) = -3*w + 7. Let z(g) = 33*c(g) - 4*q(g). Let a be 2/4 - (-15)/6. Suppose a*t = 4*t - 3. What is z(t)?
-6
Let g(f) = -5 - 2*f - 4 + 2. Determine g(-6).
5
Suppose 0 = m + 4*m + 10. Let x(l) = -4*l - 2. Give x(m).
6
Let o(z) = -4*z + 1. Let p be ((-6)/(-2))/((-2)/(-8)). Let n = -22 + p. Let t = -9 - n. What is o(t)?
-3
Let x(r) be the second derivative of r**4/12 - 7*r**3/6 + r**2 + 11*r. Let y = 9 + -6. Calculate x(y).
-10
Let c(h) be the second derivative of 0 + 2*h + 1/12*h**4 + 7/6*h**3 - 1/2*h**2. Let q be c(-7). Let x(d) = d**2 - 1. Determine x(q).
0
Let i(y) be the second derivative of -y**3/6 + 3*y**2 + y. Let m(j) = 2*j**2 + j + 10. Let o be m(0). Suppose 0 = -3*p + 5*p - o. Determine i(p).
1
Suppose -5 = v - 2. Let t(c) = -c**2 - 2*c - 3. Calculate t(v).
-6
Let t(p) be the first derivative of p**4/4 - 7*p**3/3 + 2*p**2 + 6*p - 1. Let x = 12 - 6. Give t(x).
-6
Let b(i) = 2*i - 4. Suppose -j + 0*r = -3*r + 10, 45 = 5*j + 4*r. Let l be (j/1)/(-2 + 3). Determine b(l).
6
Let u = 248 + -243. Let t(h) be the first derivative of 2*h**2 - 5*h + 1. What is t(u)?
15
Let z(w) be the second derivative of -w**4/6 + w. Let k(o) = 4*o + 3*o + 2*o**2 - o**3 - 5*o + 0*o + 2. Let y be k(3). What is z(y)?
-2
Let b(s) = 7*s**3 - 10*s**2 - 12*s - 15. Let n(j) = -11*j**3 + 15*j**2 + 18*j + 23. Let c(k) = -8*b(k) - 5*n(k). Calculate c(6).
5
Let o(c) = c**2 + 5*c. Suppose -2*r + 14 = -2*t, r - 2 = -t - r. Calculate o(t).
-4
Let z = 0 + 3. Let m(j) = j**3 + 7*j**2 + 5*j - 2. Let f be m(-6). Let x(h) = f - 2*h - 3 - h. Give x(z).
-8
Let h = 33 + -28. Let c(b) be the first derivative of b**4/4 - 4*b**3/3 - 2*b**2 - 2. Calculate c(h).
5
Let i = 10 - 10. Suppose i = -0*m + m - 1. Let p(b) = 12*b**2 + b - 1. What is p(m)?
12
Let v(b) = -6*b - 5. Let t(l) = -l - 1. Let i(a) = 11*t(a) - 2*v(a). What is i(6)?
5
Let a(v) = -v**2 + v + 4. Let c be 15*(-3 + (-10)/(-3)). What is a(c)?
-16
Let d(o) = -6*o - 2 + o + o - o**3 + o**2 + 2*o**3. Give d(-3).
-8
Let p(x) = -4*x - 5. Let s(n) = -4*n**3 + 3*n**2 - 4*n + 2. Let g be s(2). Let y = g - -22. Calculate p(y).
11
Let a(q) = 4*q + 3. Let h(l) = -1. Let i(p) = a(p) + 6*h(p). What is i(2)?
5
Let b(a) = a**3 - 4*a**2 - 3*a - 5. Let x be b(5). Let r(p) be the first derivative of p**4/4 - 2*p**3 + 2*p**2 + 3*p + 1. Give r(x).
-2
Suppose -2*y - 2*y - 4 = 0. Let s(f) = 1 + 2*f - 5*f - 2. What is s(y)?
2
Let j = -23 + 19. Let s(t) = -t**3 - 4*t**2 - 2*t - 5. What is s(j)?
3
Let x(v) = 6*v + 24. Let c(t) = 2*t + 8. Let n(j) = 8*c(j) - 3*x(j). What is n(-6)?
4
Let q(m) = -m**2 + 3*m + 4. Let j be (-12)/(-8) - (-5)/(-2). Let r be ((-2)/(-4))/j*-4. Suppose -p + 5*l - 10 = -r*p, -4*p = 3*l - 23. What is q(p)?
-6
Suppose -4*c + 3*c + 3 = 0. Let z(h) be the third derivative of -h**5/60 + h**4/12 - h**3/3 - 12*h**2. Calculate z(c).
-5
Suppose 2*b = 8, 2*o + 5*b - 50 = -20. Let g(f) = f**3 + f**2 - f + 1. Let a(k) = 3*k**3 + 9*k**2 - 4*k + 8. Let r(u) = a(u) - 4*g(u). Determine r(o).
4
Let z(w) = w - 2. Let b(o) = o + 1 + 4 - 6. Suppose -4*f + 1 = -15. Let s(i) = f*z(i) - 3*b(i). Determine s(5).
0
Let q(i) = 4*i**3 + 10*i**2 - 3*i - 1. Let c(s) = -3*s**3 - 7*s**2 + 2*s + 1. Let l(k) = 7*c(k) + 5*q(k). Give l(0).
2
Let v(t) = -t**2 + t - 1. Let c = 7 - -1. Let u(s) = -s + 11. Let w be u(c). Suppose -p - 10 = -5*g, -w*g + 10 = 2*g - 3*p. Determine v(g).
-3
Let j = -3 + 6. Let l(y) = -y**3 - 4*y**2 + 5*y + 3. Let v be l(-5). Let q(n) = 2*n**2 - 4*n - v + 5 - 3. What is q(j)?
5
Suppose -3*g = -0*p + 3*p - 6, -3*g + 4 = 2*p. Let z(r) = -6*r - 1. Determine z(p).
-13
Let v be 24/9*(-9)/(-4). Let y be -6*(1 + (-9)/v). Suppose 2*n + y*n + 15 = 0. Let g(l) = -l + 2. Determine g(n).
5
Let m(x) = 8*x - 4*x**3 + 3*x**3 - 3*x + 4*x**2. Let l be m(5). Let u(k) = l*k**2 + 2 + k**3 - 2*k + 3*k + 3*k**2. Calculate u(-3).
-1
Let a(i) = 3*i + 4. Let d = 24 - 14. Let s = 5 - d. Calculate a(s).
-11
Let p = 23 + -27. Let k(l) = l**3 + 5*l**2 + 6*l + 6. Give k(p).
-2
Let o(w) = w**3 - 2*w**2 + 10*w + 1. Let r(j) = 2*j**3 - 5*j**2 + 18*j + 1. Let g(h) = 5*o(h) - 3*r(h). Let f(p) = p**2 + p + 3. Let q be f(0). Calculate g(q).
8
Let p(i) be the second derivative of i**4/12 + 4*i**3/3 + 7*i**2/2 + 2*i. Suppose -18 = 3*s - 0*s. Determine p(s).
-5
Let j(h) = -h + 1. Suppose -27 = 3*b - 4*d, d + 16 = -5*b - 2*d. Calculate j(b).
6
Let n be 10/2 + (1 - 2). Let h be 18/n - 4/8. Let f(w) be the third derivative of w**5/60 - w**4/6 - w**3/2 + 2*w**2. What is f(h)?
-3
Let l = 15 + -12. Let t be (-24)/l - (0 + -2). Let u(q) = q**3 + 5*q**2 - 4*q + 8. Determine u(t).
-4
Suppose -4*d = 40 - 0. Let a be d/4 - 1/(-2). Let r = 1 - a. Let q(h) = 2*h + 1. Give q(r).
7
Suppose 4*b + 0*b = 12. Let p be b/9*(9 + 0). Let u(x) = 3 - x**2 + 3*x**p - 4 + 5*x**3 + 2*x - x. Give u(1).
7
Let l = 2 + -4. Let f be 76/24 + (-3)/18. Let x(t) = t - 2 - 1 + f. Calculate x(l).
-2
Let c(b) = 2*b**2 - 4*b - 3. Let y(m) = 3*m**2 - 5*m - 4. Let d(k) = 4*c(k) - 3*y(k). Determine d(-1).
0
Suppose 7*d = 9*d - 20. Let v = 14 - d. Let l(w) = 3*w - 6. What is l(v)?
6
Let b(l) = -7*l**2 - 3*l - 9. Let g(k) be the second derivative of k**4/4 + k**3/6 + 5*k**2/2 - 3*k. Let z(y) = -2*b(y) - 5*g(y). Determine z(0).
-7
Let l(v) = -4*v + 0*v + 5*v - 2. Let y be l(3). Let k(w) = -5*w - 1. Calculate k(y).
-6
Let g(s) = s. Let r be g(5). Let c(i) = -i**3 - 6*i**2 - 5*i - 6. Let j(b) = 6*b**3 + 31*b**2 + 26*b + 31. Let m(y) = 11*c(y) + 2*j(y). What is m(r)?
6
Let g = 24 + -21. Suppose -2*p - g = -5*p - 2*a, -3*a = -3*p + 3. Let z(y) = -5*y. Determine z(p).
-5
Let g(k) = k**2 + 12*k + 6. Let l be g(